{"id":19,"date":"2024-05-27T13:04:40","date_gmt":"2024-05-27T13:04:40","guid":{"rendered":"https:\/\/efep.im-nomade.com\/?page_id=19"},"modified":"2024-12-25T21:16:57","modified_gmt":"2024-12-25T21:16:57","slug":"statut-instances","status":"publish","type":"page","link":"https:\/\/efep.me\/en\/notre-ecole\/statut-instances\/","title":{"rendered":"Statuses &amp; bodies"},"content":{"rendered":"<div data-elementor-type=\"wp-page\" data-elementor-id=\"19\" class=\"elementor elementor-19\" data-elementor-post-type=\"page\">\n\t\t\t\t<div class=\"elementor-element elementor-element-5a690d2 e-flex e-con-boxed e-con e-parent\" data-id=\"5a690d2\" data-element_type=\"container\" data-e-type=\"container\">\n\t\t\t\t\t<div class=\"e-con-inner\">\n\t\t\t\t<div class=\"elementor-element elementor-element-7441594 elementor-widget elementor-widget-text-editor\" data-id=\"7441594\" data-element_type=\"widget\" data-e-type=\"widget\" data-widget_type=\"text-editor.default\">\n\t\t\t\t<div class=\"elementor-widget-container\">\n\t\t\t\t\t\t\t\t\t<p><span style=\"font-weight: 400;\">The French European School of Podgorica is an independent organization under local law with the status of a private educational center.\u00a0<\/span><span style=\"font-size: 1rem;\">This is a Montenegrin status specific to organizations related to education.\u00a0<\/span><\/p>\t\t\t\t\t\t\t\t<\/div>\n\t\t\t\t<\/div>\n\t\t\t\t\t<\/div>\n\t\t\t\t<\/div>\n\t\t<div class=\"elementor-element elementor-element-6502a7f e-flex e-con-boxed e-con e-parent\" data-id=\"6502a7f\" data-element_type=\"container\" data-e-type=\"container\">\n\t\t\t\t\t<div class=\"e-con-inner\">\n\t\t<div class=\"elementor-element elementor-element-7d91b8d e-con-full e-flex e-con e-child\" data-id=\"7d91b8d\" data-element_type=\"container\" data-e-type=\"container\">\n\t\t\t\t<div class=\"elementor-element elementor-element-e421bfb elementor-widget__width-initial elementor-widget elementor-widget-text-editor\" data-id=\"e421bfb\" data-element_type=\"widget\" data-e-type=\"widget\" data-widget_type=\"text-editor.default\">\n\t\t\t\t<div class=\"elementor-widget-container\">\n\t\t\t\t\t\t\t\t\t<p><span style=\"font-weight: 400;\">The founder of this educational center is an NGO, <\/span>created in 2018, at the initiative of the French Embassy:<\/p><p><span style=\"font-weight: 400;\">\u00a0 \u201c<strong>Friends of the French European School of Podgorica<\/strong>\u201d.<\/span><\/p><p><span style=\"font-weight: 400;\">The NGO is run by staff members and has as honorary members the French Ambassador and Prince Nikola Petrovic.<\/span><\/p>\t\t\t\t\t\t\t\t<\/div>\n\t\t\t\t<\/div>\n\t\t\t\t<\/div>\n\t\t<div class=\"elementor-element elementor-element-b2bb175 e-con-full e-flex e-con e-child\" data-id=\"b2bb175\" data-element_type=\"container\" data-e-type=\"container\">\n\t\t\t\t<div class=\"elementor-element elementor-element-75ac0ed elementor-widget elementor-widget-image\" data-id=\"75ac0ed\" data-element_type=\"widget\" data-e-type=\"widget\" data-widget_type=\"image.default\">\n\t\t\t\t<div class=\"elementor-widget-container\">\n\t\t\t\t\t\t\t\t\t\t\t\t\t\t\t<img fetchpriority=\"high\" decoding=\"async\" width=\"800\" height=\"534\" src=\"https:\/\/efep.me\/wp-content\/uploads\/2024\/11\/DSC09271-1024x683.jpg\" class=\"attachment-large size-large wp-image-817\" alt=\"\" srcset=\"https:\/\/efep.me\/wp-content\/uploads\/2024\/11\/DSC09271-1024x683.jpg 1024w, https:\/\/efep.me\/wp-content\/uploads\/2024\/11\/DSC09271-300x200.jpg 300w, https:\/\/efep.me\/wp-content\/uploads\/2024\/11\/DSC09271-768x512.jpg 768w, https:\/\/efep.me\/wp-content\/uploads\/2024\/11\/DSC09271-1536x1024.jpg 1536w, https:\/\/efep.me\/wp-content\/uploads\/2024\/11\/DSC09271-2048x1366.jpg 2048w, https:\/\/efep.me\/wp-content\/uploads\/2024\/11\/DSC09271-18x12.jpg 18w\" sizes=\"(max-width: 800px) 100vw, 800px\" \/>\t\t\t\t\t\t\t\t\t\t\t\t\t\t\t<\/div>\n\t\t\t\t<\/div>\n\t\t\t\t<\/div>\n\t\t\t\t\t<\/div>\n\t\t\t\t<\/div>\n\t\t<div class=\"elementor-element elementor-element-0ad1b91 e-flex e-con-boxed e-con e-parent\" data-id=\"0ad1b91\" data-element_type=\"container\" data-e-type=\"container\">\n\t\t\t\t\t<div class=\"e-con-inner\">\n\t\t\t\t<div class=\"elementor-element elementor-element-1f706b6 elementor-widget elementor-widget-text-editor\" data-id=\"1f706b6\" data-element_type=\"widget\" data-e-type=\"widget\" data-widget_type=\"text-editor.default\">\n\t\t\t\t<div class=\"elementor-widget-container\">\n\t\t\t\t\t\t\t\t\t<p><span style=\"font-weight: 400;\">The educational center, recognized by the Montenegrin Ministry of Education, validating the programs taught, holds a Montenegrin license, for classes from kindergarten to middle school since 2018.\u00a0<\/span><\/p><p><span style=\"font-weight: 400;\">The school has also been approved by the French Ministry of Education, for nursery and primary classes, since September 2023.\u00a0\u00a0<\/span><\/p><p><span style=\"font-weight: 400;\">The operation of the establishment is based on the statutes of the educational center and the NGO, both of which are subject to local law.<\/span><\/p>\t\t\t\t\t\t\t\t<\/div>\n\t\t\t\t<\/div>\n\t\t\t\t<div class=\"elementor-element elementor-element-3cc15a6 elementor-widget elementor-widget-heading\" data-id=\"3cc15a6\" data-element_type=\"widget\" data-e-type=\"widget\" data-widget_type=\"heading.default\">\n\t\t\t\t<div class=\"elementor-widget-container\">\n\t\t\t\t\t<h2 class=\"elementor-heading-title elementor-size-default\">Management bodies <\/h2>\t\t\t\t<\/div>\n\t\t\t\t<\/div>\n\t\t<div class=\"elementor-element elementor-element-fa76215 e-con-full e-flex e-con e-child\" data-id=\"fa76215\" data-element_type=\"container\" data-e-type=\"container\">\n\t\t\t\t<div class=\"elementor-element elementor-element-35a23a8 elementor-widget__width-initial elementor-widget elementor-widget-image\" data-id=\"35a23a8\" data-element_type=\"widget\" data-e-type=\"widget\" data-widget_type=\"image.default\">\n\t\t\t\t<div class=\"elementor-widget-container\">\n\t\t\t\t\t\t\t\t\t\t\t\t\t\t\t<img decoding=\"async\" width=\"110\" height=\"135\" src=\"https:\/\/efep.me\/wp-content\/uploads\/2024\/05\/LOGO-EFEP-PODGORICA2.png\" class=\"attachment-large size-large wp-image-159\" alt=\"\" srcset=\"https:\/\/efep.me\/wp-content\/uploads\/2024\/05\/LOGO-EFEP-PODGORICA2.png 110w, https:\/\/efep.me\/wp-content\/uploads\/2024\/05\/LOGO-EFEP-PODGORICA2-10x12.png 10w\" sizes=\"(max-width: 110px) 100vw, 110px\" \/>\t\t\t\t\t\t\t\t\t\t\t\t\t\t\t<\/div>\n\t\t\t\t<\/div>\n\t\t\t\t<div class=\"elementor-element elementor-element-2ee2bea elementor-widget elementor-widget-heading\" data-id=\"2ee2bea\" data-element_type=\"widget\" data-e-type=\"widget\" data-widget_type=\"heading.default\">\n\t\t\t\t<div class=\"elementor-widget-container\">\n\t\t\t\t\t<h6 class=\"elementor-heading-title elementor-size-default\"><strong>General Assembly of the NGO:  <\/strong>It meets at least twice a year.<\/h6>\t\t\t\t<\/div>\n\t\t\t\t<\/div>\n\t\t\t\t<\/div>\n\t\t<div class=\"elementor-element elementor-element-78d393a e-con-full e-flex e-con e-child\" data-id=\"78d393a\" data-element_type=\"container\" data-e-type=\"container\">\n\t\t\t\t<div class=\"elementor-element elementor-element-24e2afb elementor-widget__width-initial elementor-widget elementor-widget-image\" data-id=\"24e2afb\" data-element_type=\"widget\" data-e-type=\"widget\" data-widget_type=\"image.default\">\n\t\t\t\t<div class=\"elementor-widget-container\">\n\t\t\t\t\t\t\t\t\t\t\t\t\t\t\t<img decoding=\"async\" width=\"110\" height=\"135\" src=\"https:\/\/efep.me\/wp-content\/uploads\/2024\/05\/LOGO-EFEP-PODGORICA2.png\" class=\"attachment-large size-large wp-image-159\" alt=\"\" srcset=\"https:\/\/efep.me\/wp-content\/uploads\/2024\/05\/LOGO-EFEP-PODGORICA2.png 110w, https:\/\/efep.me\/wp-content\/uploads\/2024\/05\/LOGO-EFEP-PODGORICA2-10x12.png 10w\" sizes=\"(max-width: 110px) 100vw, 110px\" \/>\t\t\t\t\t\t\t\t\t\t\t\t\t\t\t<\/div>\n\t\t\t\t<\/div>\n\t\t\t\t<div class=\"elementor-element elementor-element-0dd4fca elementor-widget elementor-widget-heading\" data-id=\"0dd4fca\" data-element_type=\"widget\" data-e-type=\"widget\" data-widget_type=\"heading.default\">\n\t\t\t\t<div class=\"elementor-widget-container\">\n\t\t\t\t\t<h6 class=\"elementor-heading-title elementor-size-default\"><strong>Educational Center Management Committee: <\/strong>It meets regularly throughout the year, in close partnership with management, and is responsible for the management of the establishment, financial, legal, social and human resources monitoring. It is made up of two staff representatives, two parent representatives, a member representing the embassy, a member representing the NGO and two directors (non-voting seat). \n<\/h6>\t\t\t\t<\/div>\n\t\t\t\t<\/div>\n\t\t\t\t<\/div>\n\t\t<div class=\"elementor-element elementor-element-cc9f275 e-con-full e-flex e-con e-child\" data-id=\"cc9f275\" data-element_type=\"container\" data-e-type=\"container\">\n\t\t\t\t<div class=\"elementor-element elementor-element-662debb elementor-widget__width-initial elementor-widget elementor-widget-image\" data-id=\"662debb\" data-element_type=\"widget\" data-e-type=\"widget\" data-widget_type=\"image.default\">\n\t\t\t\t<div class=\"elementor-widget-container\">\n\t\t\t\t\t\t\t\t\t\t\t\t\t\t\t<img decoding=\"async\" width=\"110\" height=\"135\" src=\"https:\/\/efep.me\/wp-content\/uploads\/2024\/05\/LOGO-EFEP-PODGORICA2.png\" class=\"attachment-large size-large wp-image-159\" alt=\"\" srcset=\"https:\/\/efep.me\/wp-content\/uploads\/2024\/05\/LOGO-EFEP-PODGORICA2.png 110w, https:\/\/efep.me\/wp-content\/uploads\/2024\/05\/LOGO-EFEP-PODGORICA2-10x12.png 10w\" sizes=\"(max-width: 110px) 100vw, 110px\" \/>\t\t\t\t\t\t\t\t\t\t\t\t\t\t\t<\/div>\n\t\t\t\t<\/div>\n\t\t\t\t<div class=\"elementor-element elementor-element-1fbe416 elementor-widget elementor-widget-heading\" data-id=\"1fbe416\" data-element_type=\"widget\" data-e-type=\"widget\" data-widget_type=\"heading.default\">\n\t\t\t\t<div class=\"elementor-widget-container\">\n\t\t\t\t\t<h6 class=\"elementor-heading-title elementor-size-default\"><strong> The school and establishment council: <\/strong>  It meets three times a year. It is made up of all the teachers, parent representatives, the management team and a member of the embassy. It is in charge of the organization of the establishment, the calendar, the internal regulations, projects, questions relating to hygiene and safety and all other questions relating to the life of the school. \n<\/h6>\t\t\t\t<\/div>\n\t\t\t\t<\/div>\n\t\t\t\t<\/div>\n\t\t\t\t\t<\/div>\n\t\t\t\t<\/div>\n\t\t\t\t<\/div>","protected":false},"excerpt":{"rendered":"<p>L\u2019\u00e9cole fran\u00e7aise europ\u00e9enne de Podgorica est une organisation ind\u00e9pendante de droit local ayant le statut de centre \u00e9ducatif priv\u00e9.\u00a0C\u2019est un statut mont\u00e9n\u00e9grin sp\u00e9cifique aux organisations en lien avec l\u2019\u00e9ducation.\u00a0 Le fondateur de ce centre \u00e9ducatif est une ONG, cr\u00e9\u00e9e en 2018, \u00e0 l&rsquo;initiative de l&rsquo;ambassade de France: \u00a0 \u201cLes amis de l\u2019\u00e9cole fran\u00e7aise europ\u00e9enne de [&hellip;]<\/p>\n","protected":false},"author":1,"featured_media":0,"parent":8,"menu_order":0,"comment_status":"closed","ping_status":"closed","template":"","meta":{"footnotes":""},"class_list":["post-19","page","type-page","status-publish","hentry"],"_links":{"self":[{"href":"https:\/\/efep.me\/en\/wp-json\/wp\/v2\/pages\/19","targetHints":{"allow":["GET"]}}],"collection":[{"href":"https:\/\/efep.me\/en\/wp-json\/wp\/v2\/pages"}],"about":[{"href":"https:\/\/efep.me\/en\/wp-json\/wp\/v2\/types\/page"}],"author":[{"embeddable":true,"href":"https:\/\/efep.me\/en\/wp-json\/wp\/v2\/users\/1"}],"replies":[{"embeddable":true,"href":"https:\/\/efep.me\/en\/wp-json\/wp\/v2\/comments?post=19"}],"version-history":[{"count":44,"href":"https:\/\/efep.me\/en\/wp-json\/wp\/v2\/pages\/19\/revisions"}],"predecessor-version":[{"id":1388,"href":"https:\/\/efep.me\/en\/wp-json\/wp\/v2\/pages\/19\/revisions\/1388"}],"up":[{"embeddable":true,"href":"https:\/\/efep.me\/en\/wp-json\/wp\/v2\/pages\/8"}],"wp:attachment":[{"href":"https:\/\/efep.me\/en\/wp-json\/wp\/v2\/media?parent=19"}],"curies":[{"name":"wp","href":"https:\/\/api.w.org\/{rel}","templated":true}]}}

<p>L’école française européenne de Podgorica est une organisation indépendante de droit local ayant le statut de centre éducatif privé. C’est un statut monténégrin spécifique aux organisations en lien avec l’éducation.  Le fondateur de ce centre éducatif est une ONG, créée en 2018, à l&rsquo;initiative de l&rsquo;ambassade de France:   “Les amis de l’école française européenne de [&hellip;]</p>
